o base 8
-4
What is 136 (base 7) in base 3?
2211
Convert -31 (base 5) to base 15.
-11
Convert 70 (base 14) to base 5.
343
Convert 101011 (base 3) to base 8.
422
1 (base 5) to base 12
1
What is -133 (base 7) in base 6?
-201
What is -9 (base 12) in base 15?
-9
What is 3 (base 8) in base 12?
3
1c (base 16) to base 10
28
Convert -3 (base 13) to base 4.
-3
26 (base 7) to base 10
20
Convert 23 (base 6) to base 14.
11
Convert -85 (base 9) to base 2.
-1001101
Convert 1 (base 3) to base 12.
1
What is 11 (base 5) in base 16?
6
Convert 72 (base 14) to base 15.
6a
6 (base 9) to base 13
6
Convert -2 (base 6) to base 3.
-2
What is -4 (base 13) in base 7?
-4
Convert -17 (base 9) to base 11.
-15
-132 (base 7) to base 16
-48
-6 (base 14) to base 16
-6
Convert -27 (base 9) to base 11.
-23
What is -121 (base 4) in base 5?
-100
1 (base 15) to base 12
1
51 (base 8) to base 4
221
What is d (base 14) in base 7?
16
-16 (base 9) to base 16
-f
Convert 1 (base 7) to base 2.
1
0 (base 4) to base 5
0
What is -4 (base 7) in base 8?
-4
Convert 100 (base 3) to base 5.
14
What is -101 (base 2) in base 9?
-5
Convert 87 (base 15) to base 16.
7f
-3 (base 7) to base 10
-3
c8 (base 14) to base 11
150
Convert 1011110 (base 2) to base 13.
73
1 (base 12) to base 9
1
Convert -1 (base 8) to base 16.
-1
Convert -23 (base 7) to base 16.
-11
Convert -56 (base 11) to base 3.
-2021
Convert 1 (base 2) to base 3.
1
Convert -2 (base 12) to base 6.
-2
-114 (base 5) to base 4
-202
Convert -43 (base 9) to base 11.
-36
What is 1 (base 8) in base 9?
1
What is 25 (base 10) in base 6?
41
Convert 3 (base 11) to base 12.
3
40 (base 5) to base 13
17
What is -54 (base 8) in base 4?
-230
-a (base 15) to base 8
-12
What is -1002 (base 3) in base 15?
-1e
Convert -8c (base 16) to base 7.
-260
Convert -22 (base 6) to base 2.
-1110
Convert 3c (base 14) to base 15.
39
What is -4 (base 9) in base 14?
-4
-11 (base 3) to base 5
-4
What is 27 (base 10) in base 6?
43
80 (base 14) to base 4
1300
-1244 (base 5) to base 7
-403
What is -1101 (base 2) in base 13?
-10
What is 6 (base 9) in base 16?
6
What is 33 (base 5) in base 10?
18
What is 2 (base 14) in base 7?
2
4 (base 15) to base 12
4
Convert 2 (base 15) to base 5.
2
-8 (base 10) to base 5
-13
Convert 200 (base 3) to base 15.
13
44 (base 13) to base 16
38
Convert -37 (base 12) to base 8.
-53
-15 (base 12) to base 7
-23
What is -74 (base 12) in base 14?
-64
What is 75 (base 13) in base 12?
80
4 (base 9) to base 5
4
15 (base 15) to base 4
110
Convert -40 (base 7) to base 2.
-11100
1 (base 12) to base 4
1
-3 (base 5) to base 7
-3
What is -e (base 16) in base 5?
-24
Convert -1 (base 13) to base 8.
-1
What is -176 (base 11) in base 7?
-411
What is 20 (base 9) in base 3?
200
5 (base 12) to base 16
5
Convert -7 (base 16) to base 12.
-7
What is -15 (base 7) in base 14?
-c
-116 (base 13) to base 10
-188
Convert -7 (base 12) to base 14.
-7
-3 (base 13) to base 15
-3
What is -11 (base 8) in base 11?
-9
Convert 283 (base 10) to base 6.
1151
What is 11 (base 16) in base 4?
101
-20 (base 10) to base 5
-40
1 (base 8) to base 6
1
What is -13 (base 5) in base 12?
-8
-80 (base 13) to base 2
-1101000
What is -62 (base 7) in base 3?
-1122
-212 (base 3) to base 7
-32
What is 11011 (base 2) in base 10?
27
Convert 20 (base 5) to base 4.
22
What is 11301 (base 4) in base 3?
111200
Convert 4 (base 11) to base 3.
11
-20 (base 9) to base 15
-13
12 (base 6) to base 15
8
What is 7 (base 11) in base 12?
7
What is -1 (base 11) in base 12?
-1
What is -10011 (base 3) in base 14?
-61
-10 (base 6) to base 5
-11
What is -1012 (base 3) in base 13?
-26
Convert 2 (base 10) to base 8.
2
What is -2220 (base 3) in base 11?
-71
-313 (base 5) to base 6
-215
What is -4 (base 8) in base 14?
-4
What is 41 (base 13) in base 16?
35
Convert 1 (base 15) to base 16.
1
Convert 10111 (base 2) to base 10.
23
What is 2 (base 15) in base 16?
2
Convert -101010 (base 2) to base 5.
-132
Convert -5 (base 13) to base 14.
-5
What is 1 (base 3) in base 7?
1
Convert 5 (base 9) to base 15.
5
What is 101 (base 9) in base 3?
10001
What is 74 (base 9) in base 4?
1003
Convert 1101 (base 3) to base 2.
100101
Convert -10 (base 3) to base 14.
-3
-3 (base 11) to base 3
-10
1b (base 14) to base 13
1c
103 (base 4) to base 9
21
What is 10 (base 4) in base 3?
11
Convert -2 (base 10) to base 7.
-2
1 (base 12) to base 11
1
-60 (base 11) to base 12
-56
64 (base 10) to base 16
40
-330 (base 5) to base 4
-1122
100101011 (base 2) to base 8
453
What is 213 (base 5) in base 2?
111010
What is 3 (base 16) in base 6?
3
12 (base 12) to base 6
22
0 (base 11) to base 7
0
Convert 110001 (base 2) to base 3.
1211
What is -1100 (base 3) in base 2?
-100100
Convert 0 (base 9) to base 13.
0
What is 100 (base 8) in base 10?
64
Convert 36 (base 14) to base 8.
60
Convert 11 (base 2) to base 13.
3
Convert 8 (base 13) to base 12.
8
What is -8 (base 15) in base 5?
-13
Convert -4 (base 5) to base 12.
-4
Convert -40 (base 10) to base 14.
-2c
Convert 3 (base 6) to base 2.
11
What is -61 (base 14) in base 5?
-320
What is 0 (base 10) in base 7?
0
-10 (base 3) to base 16
-3
What is -7 (base 15) in base 7?
-10
342 (base 6) to base 12
b2
What is 3 (base 9) in base 14?
3
79 (base 13) to base 4
1210
-22 (base 4) to base 14
-a
Convert 41 (base 8) to base 4.
201
0 (base 15) to base 12
0
-1 (base 13) to base 10
-1
What is -125 (base 9) in base 8?
-150
What is -5 (base 8) in base 10?
-5
Convert 2 (base 5) to base 15.
2
510 (base 6) to base 7
354
What is -4 (base 9) in base 16?
-4
Convert -54 (base 6) to base 2.
-100010
Convert -2100 (base 3) to base 13.
-4b
What is 75 (base 8) in base 12?
51
-2 (base 8) to base 10
-2
Convert 1 (base 3) to base 2.
1
-13 (base 12) to base 14
-11
a (base 12) to base 6
14
What is 11 (base 2) in base 7?
3
-3 (base 16) to base 9
-3
-71 (base 15) to base 14
-78
What is 3 (base 16) in base 6?
3
-10 (base 14) to base 11
-13
What is 1 (base 12) in base 13?
1
Convert -17 (base 10) to base 6.
-25
-22 (base 13) to base 15
-1d
-10 (base 2) to base 16
-2
Convert -28 (base 15) to base 11.
-35
What is -1010110 (base 2) in base 16?
-56
Convert 29 (base 12) to base 5.
113
-4c (base 16) to base 12
-64
What is 12 (base 16) in base 13?
15
-1 (base 4) to base 15
-1
11 (base 2) to base 4
3
210 (base 5) to base 7
106
-8 (base 10) to base 9
-8
1c (base 14) to base 2
11010
Convert 33 (base 9) to base 8.
36
14 (base 6) to base 9
11
Convert 220 (base 3) to base 10.
24
103 (base 7) to base 9
57
What is 32 (base 11) in base 3?
1022
Convert -3 (base 12) to base 13.
-3
-20000 (base 3) to base 8
-242
Convert -2c (base 15) to base 4.
-222
What is -b (base 15) in base 6?
-15
What is -4 (base 6) in base 4?
-10
What is -15 (base 9) in base 5?
-24
-12 (base 6) to base 3
-22
110 (base 2) to base 8
6
Convert -31 (base 5) to base 12.
-14
Convert -14 (base 14) to base 13.
-15
What is -1 (base 9) in base 3?
-1
Convert -11 (base 6) to base 9.
-7
-356 (base 8) to base 11
-1a7
2 (base 15) to base 10
2
Convert 3 (base 16) to base 5.
3
Convert -4 (base 8) to base 12.
-4
What is 1002 (base 3) in base 7?
41
Convert 3 (base 13) to base 10.
3
-4 (base 5) to base 11
-4
What is 11 (base 7) in base 5?
13
4 (base 14) to base 5
4
Convert -4 (base 6) to base 14.
-4
5 (base 9) to base 6
5
Convert 11 (base 2) to base 8.
3
-3 (base 13) to base 11
-3
What is 13 (base 11) in base 16?
e
What is 3 (base 12) in base 8?
3
What is 3 (base 11) in base 4?
3
What is 2a (base 15) in base 6?
104
What is 103 (base 6) in base 10?
39
Convert -2 (base 8) to base 2.
-10
What is -32 (base 13) in base 3?
-1112
Convert 20 (base 3) to base 2.
110
Convert -14 (base 6) to base 8.
-12
Convert -3 (base 9) to base 11.
-3
-4 (base 13) to base 12
-4
3 (base 10) to base 12
3
What is -4 (base 10) in base 9?
-4
4 (base 5) to base 13
4
What is -1 (base 2) in base 3?
-1
Convert -26 (base 15) to base 10.
-36
-11111 (base 2) to base 10
-31
What is -22 (base 3) in base 5?
-13
Convert 111010 (base 2) to base 11.
53
What is -2 (base 14) in base 4?
-2
Convert -40 (base 8) to base 14.
-24
What is 120 (base 3) in base 7?
21
What is -1 (base 3) in base 7?
-1
Convert 7d (base 14) to base 11.
a1
Convert 64 (base 7) to base 12.
3a
-95 (base 11) to base 9
-125
What is 1d (base 16) in base 4?
131
What is 6 (base 15) in base 16?
6
Convert -7 (base 8) 